{"id":17,"date":"2020-12-04T15:18:21","date_gmt":"2020-12-04T15:18:21","guid":{"rendered":"https:\/\/abogadosoria.com\/?page_id=17"},"modified":"2020-12-05T14:10:24","modified_gmt":"2020-12-05T13:10:24","slug":"una-seccion-de-la-pagina-de-inicio","status":"publish","type":"page","link":"https:\/\/abogadosoria.com\/?page_id=17","title":{"rendered":"Servicios"},"content":{"rendered":"\n<h2 style=\"font-family: &quot;Open Sans&quot;, &quot;Helvetica Neue&quot;, Arial, Helvetica, sans-serif; line-height: 1.2857em; margin-top: calc(2rem - 0.14285em); margin-bottom: 1rem; font-weight: 500; font-size: 1.514rem; color: rgba(0, 0, 0, 0.87);\">Servicios prestados:<\/h2>\n<ul style=\"color: rgba(0, 0, 0, 0.87); font-family: &quot;Open Sans&quot;, &quot;Helvetica Neue&quot;, Arial, Helvetica, sans-serif; font-size: 14px;\"><li>Un ASESORAMIENTO Jur\u00eddico integral.<\/li><li>Servir de MEDIADORES en aras a resolver los conflictos de manera extrajudicial.<\/li><li>DEFENSA letrada en los procedimientos judiciales.<\/li><li>TRATAR el problema jur\u00eddico desde una \u00f3ptica de normalidad, evitando al ciudadano cargas o grav\u00e1menes personales dif\u00edciles de superar.<\/li><li>GESTIONAR todo tipo de tr\u00e1mites, administrativos o judiciales, ante las instancias correspondientes.<\/li><\/ul>\n\n\n\n<h2 style=\"font-family: &quot;Open Sans&quot;, &quot;Helvetica Neue&quot;, Arial, Helvetica, sans-serif; line-height: 1.2857em; margin-top: calc(2rem - 0.14285em); margin-bottom: 1rem; font-weight: 500; font-size: 1.514rem; color: rgba(0, 0, 0, 0.87);\">Son m\u00e1ximas del despacho:<\/h2>\n<ul style=\"color: rgba(0, 0, 0, 0.87); font-family: &quot;Open Sans&quot;, &quot;Helvetica Neue&quot;, Arial, Helvetica, sans-serif; font-size: 14px;\"><li>Fidelidad<\/li><li>Discreci\u00f3n<\/li><li>Profesionalidad<\/li><li>Dedicaci\u00f3n<\/li><li>Confianza<\/li><\/ul>\n\n\n\n<p><\/p>\n","protected":false},"excerpt":{"rendered":"<p>Servicios prestados: Un ASESORAMIENTO Jur\u00eddico integral. Servir de MEDIADORES en aras a resolver los conflictos de manera extrajudicial. DEFENSA letrada en los procedimientos judiciales. TRATAR el problema jur\u00eddico desde una \u00f3ptica de normalidad, evitando al ciudadano cargas o grav\u00e1menes personales dif\u00edciles de superar. GESTIONAR todo tipo de tr\u00e1mites, administrativos o judiciales, ante las instancias correspondientes. &hellip; <\/p>\n<p class=\"link-more\"><a href=\"https:\/\/abogadosoria.com\/?page_id=17\" class=\"more-link\">Continuar leyendo<span class=\"screen-reader-text\"> \u00abServicios\u00bb<\/span><\/a><\/p>\n","protected":false},"author":1,"featured_media":20,"parent":0,"menu_order":0,"comment_status":"closed","ping_status":"closed","template":"","meta":{"_monsterinsights_skip_tracking":false,"_monsterinsights_sitenote_active":false,"_monsterinsights_sitenote_note":"","_monsterinsights_sitenote_category":0,"footnotes":""},"class_list":["post-17","page","type-page","status-publish","has-post-thumbnail","hentry"],"_links":{"self":[{"href":"https:\/\/abogadosoria.com\/index.php?rest_route=\/wp\/v2\/pages\/17","targetHints":{"allow":["GET"]}}],"collection":[{"href":"https:\/\/abogadosoria.com\/index.php?rest_route=\/wp\/v2\/pages"}],"about":[{"href":"https:\/\/abogadosoria.com\/index.php?rest_route=\/wp\/v2\/types\/page"}],"author":[{"embeddable":true,"href":"https:\/\/abogadosoria.com\/index.php?rest_route=\/wp\/v2\/users\/1"}],"replies":[{"embeddable":true,"href":"https:\/\/abogadosoria.com\/index.php?rest_route=%2Fwp%2Fv2%2Fcomments&post=17"}],"version-history":[{"count":4,"href":"https:\/\/abogadosoria.com\/index.php?rest_route=\/wp\/v2\/pages\/17\/revisions"}],"predecessor-version":[{"id":114,"href":"https:\/\/abogadosoria.com\/index.php?rest_route=\/wp\/v2\/pages\/17\/revisions\/114"}],"wp:featuredmedia":[{"embeddable":true,"href":"https:\/\/abogadosoria.com\/index.php?rest_route=\/wp\/v2\/media\/20"}],"wp:attachment":[{"href":"https:\/\/abogadosoria.com\/index.php?rest_route=%2Fwp%2Fv2%2Fmedia&parent=17"}],"curies":[{"name":"wp","href":"https:\/\/api.w.org\/{rel}","templated":true}]}}